= 366*l**3 + 5*l**2 - 26*l - 1. Is b(4) a composite number?
False
Let m = -17 + 19. Suppose -2*l - 11 = -m*a + l, 5*a - 4*l - 24 = 0. Is (118/(-8))/(a/(-16)) a composite number?
False
Let n be (-74)/26 + 10/(-65). Let g be (5/(-1) - n) + -32. Let r = -12 - g. Is r a prime number?
False
Let h(g) = -3*g**2 + 10*g + 3. Let m be h(-8). Let f = m + 386. Is 2/(-9) - (-56771)/f prime?
False
Let q(s) = 35*s + 22. Suppose -2*t + 22 = 2*a, t - 5*a + 0 = -13. Is q(t) prime?
False
Is (92 - (-10)/2)/((-1)/(-59)) a composite number?
True
Suppose -15*v + 72122 + 18208 = 0. Is v a prime number?
False
Let y = -14 + 19. Let o(j) = j + 4*j - y*j**2 + 32*j**2 + 1 + 6. Is o(-3) prime?
False
Let z be 1 - (4/(-4))/(-1). Let d = -74 + 212. Suppose -4*v = -p - 140, z = 3*v + p + 40 - d. Is v prime?
False
Let j(q) = 6*q**2 - 10*q - 3. Let o = 5 - 3. Let m be o*(-3)/(-6) + 4. Is j(m) a prime number?
True
Suppose 3*x + 15 = 0, b - 3*x - 12 = 2*b. Let r(y) = 4*y**3 - 3*y - 2. Let m(s) = 7*s**3 + s**2 - 4*s - 3. Let g(t) = 3*m(t) - 4*r(t). Is g(b) a prime number?
False
Let u be (-2 - 7015/(-10))*-2. Let n = u - -2030. Is n a composite number?
False
Suppose 2*a - 702 = 354. Suppose 4*m - q = a, 4*q + 516 = 10*m - 6*m. Is m a prime number?
False
Let r(c) = -915*c + 19. Is r(-8) composite?
True
Let q be (12/8 + -2)*0. Suppose -3*v + 9 + 0 = q. Suppose 4*u - 2*f = 2010, 0 = 2*u - v*f + 6*f - 1025. Is u composite?
True
Let z be -2 + 3 + (-411)/(-3). Let q be (z + -2)/(2/47). Suppose 3*f + 4*w = -f + q, -f + 801 = 2*w. Is f prime?
True
Let f(p) = -p - 4 + 0*p - 4*p. Is f(-5) prime?
False
Let p(x) = 18*x**2 - 2*x + 21. Is p(16) a composite number?
False
Suppose m - 3 = -f, m = -5*f - 0*m + 3. Let d be 1/1 - (f + -30). Suppose 2*a - d - 7 = 0. Is a prime?
True
Let f(g) be the second derivative of -g**5/20 + 13*g**4/12 + 10*g**3/3 - 13*g**2/2 - g. Suppose -5*c = 5 - 75. Is f(c) prime?
True
Suppose -76*b + 44852 = -72*b. Is b prime?
True
Suppose -24 - 1 = -f. Suppose -f = -3*w - 5*k, -4*w - k - 1 = -23. Suppose 3*v + w*t = 28, 0 = -3*t + 2*t + 2. Is v composite?
True
Let q be (17 - 18)*-1*7. Suppose 0 = -2*v + q*v - 3755. Is v prime?
True
Let b(p) = -p + 3. Let a be b(1). Suppose a*i = 4*i - 2330. Is i prime?
False
Suppose -2*t - 4 = 4*n - 0*t, 0 = 5*n - 4*t - 8. Suppose 2*l + 0*l - k - 997 = n, 0 = -k - 3. Is l composite?
True
Suppose 1549 = l + 290. Is l a composite number?
False
Let k(p) = 1. Let f(i) = -7822*i**2 + 8*i - 5. Let h(a) = f(a) + 3*k(a). Let b be h(-3). Is 2/(-13) + b/(-104) a composite number?
False
Let t = 26 - 23. Suppose -t*u + 17 = 11. Suppose 161 = u*s + 23. Is s composite?
True
Is (135792/6)/8 + 4 composite?
False
Suppose -2*a + 3 + 1 = 0. Suppose -50*z + 5*f = -51*z + 427, 3*z = -3*f + 1257. Suppose -l = 2*y - z, y = -l + a*y + 411. Is l a prime number?
False
Suppose -3*l + 4*d = -d, 4*d = -5*l. Suppose 3*z - 9 = 2*k, l = 2*k + 3*k + 3*z - 30. Suppose k*q - 545 = -5*r, -3*r + 360 = 2*q + 32. Is r a prime number?
False
Suppose -4*w + 174125 = c, -5*w = -3*w - 3*c - 87059. Is w a prime number?
False
Let u(a) = 2*a**2 + 4*a - 528. Let c be u(0). Let g = -1715 + 2910. Let l = c + g. Is l a composite number?
True
Let x(a) = -1696*a + 257. Is x(-3) composite?
True
Let j(b) = 73*b - 4. Suppose 23*p - 20*p = 6. Is j(p) a prime number?
False
Suppose 0 = -11*a + 3196 + 313. Suppose 0 = d - a - 438. Is d a prime number?
True
Let o(g) = 70*g - 22. Let x be o(12). Suppose 2*v - 1020 - x = 0. Is v a prime number?
True
Let j(z) = -41 + 7*z**2 + 34 - 24*z + 8*z. Is j(-14) a composite number?
True
Let u = -8 + -6. Let x(b) = -19*b - 17. Let h be x(u). Suppose -h = -2*i + 169. Is i composite?
True
Let f(d) = 3*d**3 - 4*d**2 - 18*d - 18. Is f(13) composite?
True
Let t = -1832 - -3051. Is t a composite number?
True
Let u(r) be the second derivative of -29*r**5/120 - 11*r**4/24 + 11*r**3/6 - 7*r. Let x(w) be the second derivative of u(w). Is x(-8) prime?
False
Let w = 8 + -8. Suppose 3*u - 4*m + 12 = w, -2*m = -6*u + 2*u - 6. Suppose u = 4*p - 505 - 203. Is p prime?
False
Let p = 2014 + -471. Is p a composite number?
False
Let h(t) = 77*t**2 + 8*t + 8. Is h(7) prime?
False
Let h be (6 + -1)*(1 + (-2)/10). Suppose -10 = -s - 3*c, -8 = -6*c + 2*c. Suppose 0 = -h*a + s + 12. Is a composite?
True
Let m = -17 - -159. Let n = m + -85. Is n a composite number?
True
Suppose -2*y - 4 = -6. Let w be (3 - y - -926) + 4. Suppose 4*q = -0*q + w. Is q prime?
True
Is (-595235)/(-30) - (-2)/(-12) a composite number?
False
Let a = 191 + -36. Is a prime?
False
Let k be 0*(1 + (-4)/3). Suppose -4*j + 3*j - 5*l = 17, -2*j + 4*l + 22 = k. Suppose 5*i + 1121 = 3*y, -4*y - j*i + 1019 = -437. Is y a prime number?
True
Suppose -31 = -g - 3. Suppose -g*o = -27*o - 613. Is o prime?
True
Let c be (-481)/(-78) + 2/(-12). Suppose c*r = -596 + 1796. Suppose -n - w + 216 = -r, 2*n = 2*w + 844. Is n prime?
True
Is (10847/2)/((-10)/(-20)) a composite number?
False
Suppose 3*q = -2*q + 10. Let v be 1*-17*q*-9. Suppose -4*s + v = -274. Is s prime?
False
Suppose -2*m + 4*j + 20402 = 0, -2*j - 8430 = -3*m + 22157. Is m a composite number?
False
Let c be -1 + 0*(-2)/10. Let n be c*(3 - (7 + 3)). Suppose -n*p = -321 - 1100. Is p a composite number?
True
Let w(j) = -j**3 + 17*j**2 + 8*j - 2. Let s be w(9). Suppose 6*b + 4569 = 1527. Let r = s + b. Is r prime?
True
Let n(b) = b**3 + 10*b**2 - 7. Let c be n(-10). Is (-47*19)/(-8 - c) a prime number?
False
Suppose -116*k + 20045 = -111*k. Is k composite?
True
Suppose 15*q - 35598 = -3*i + 12*q, i + 4*q = 11875. Is i a prime number?
True
Let x = -5742 + 11939. Is x composite?
False
Let x = 4048 + 4371. Is x a prime number?
True
Suppose -i - 3*y = 4*i + 67, 3*y + 1 = i. Let a = i + 16. Suppose 0 = 3*n + z - 1223, a*z = 5*n + 2*z - 2029. Is n a prime number?
False
Suppose -2*z = 4*i + 54, 7*z - 15 = 2*z. Suppose 0 = -7*q - 68 - 86. Let j = i - q. Is j prime?
True
Suppose 3*x = -3*z + 8*x + 6682, -2244 = -z + 5*x. Is z composite?
True
Suppose -3*o + 2*s + 4969 = -0*s, 2*s + 6624 = 4*o. Is o composite?
True
Is (949004/84)/((-2)/(-6)) composite?
False
Let w = -30 - -33. Suppose -2*f - w*f + 475 = 0. Is f prime?
False
Let v(f) = 14495*f + 1109. Is v(6) prime?
True
Let u(j) = j**2 + 18*j - 40. Let y be u(-13). Is -159*(-7)/(y/(-10)) a prime number?
False
Let w(k) = 7361*k**2 + 3*k - 7. Is w(2) prime?
True
Let n(v) = 42*v**2 + 17*v + 9. Let b(l) = -2*l + 22. Let t be b(8). Is n(t) a prime number?
False
Let n = -584 + 3234. Suppose 154 = 4*t - n. Is t composite?
False
Let c be (4/10)/((-2)/(-30)). Is 20/c*(-3021)/(-38) a composite number?
True
Let w(m) = 2*m + 2. Let f be w(8). Let s = f - 22. Is -1 - (2976/4)/s composite?
True
Let a(k) = 320*k - 17. Let j be a(10). Suppose q + 2*q = j. Suppose -q - 44 = -5*r. Is r prime?
False
Suppose -2*s + 5169 + 3361 = 0. Is s a composite number?
True
Suppose 0 = -3*k - 0*k + 6525. Suppose b + b = 5*m + 887, -5*b + 4*m = -k. Is b a composite number?
False
Let u = 4 - 3. Let s be u/(-1 + (-342)/(-339)). Let h = s + -34. Is h composite?
False
Suppose 45*s - 41*s - 20 = 0. Suppose -3*z - 15 = -s*z - 3*q, 2*q - 35 = -3*z. Is z a composite number?
True
Suppose 293*b - 266*b = 2008665. Is b a prime number?
False
Let t(s) = -13*s**2 - s + 2. Let y be t(-3). Let k(o) = 35*o + 4. Let z be k(-6). Let w = y - z. Is w a prime number?
False
Let h be 2 + 11/(22/12). Suppose -3*k + 2*s = 6*s - h, -s + 2 = 3*k. Suppose -2*w = k, 2*r - 2*w + 18 = 600. Is r prime?
False
Let q = 3823 + 3214. Is q a composite number?
True
Let o(p) = 71*p**2 - 66*p - 652. Is o(-11) prime?
False
Let b = -5 + 5. Suppose 0 = 3*o - o + 5*h - 1, 5*h = -o - 2. Suppose -5*v - 3*k = -b*v - 1000, -218 = -v + o*k. Is v a composite number?
True
Let o(g) = g**2 + 5*g + 2. Let x(s) = -2*s + 11. Let r be x(8). Let j be o(r). Suppose -4*p - b + 144 = -j*b, 0 = 3*p + 3*b - 123. Is p prime?
True
Suppose -2*m = -4*w + 20, 0*m = -2*m. Suppose 3*u + w*g = -63 + 14, -4*u - 3*g - 69 = 0. Is (-11650)/u - (-26)/(-117) a prime number?
True
Let r(p) be the second derivative of p**5/20 + 7*p**4/12 - 5*p**3/3 - 4*p**2 - 10*p. Let g(t) = 1. Let y(s) = -3*g(s) - r(s). Is y(-9) a composite number?
True
Let y(g) = -5*g + 2*g**3 - g - 2*g**3 + 7 + 4*g**2 + 4*g**3. Is y(6) a prime number?
False
Let a = 8 + -12.